umber?
False
Is 80429291 prime?
False
Is 1782167 prime?
True
Is 14366011 a composite number?
True
Is 38676259 a composite number?
False
Is 28953053 prime?
False
Is 295199 a prime number?
True
Is 3669043 a composite number?
True
Is 4659443 prime?
True
Is 23636713 composite?
True
Is 281942161 a prime number?
False
Is 726777741 a composite number?
True
Is 2652131 a prime number?
True
Is 1223407 prime?
False
Is 20485687 composite?
True
Is 2932849 a composite number?
True
Is 11807039 prime?
True
Is 2076186691 composite?
True
Is 19195379 composite?
True
Is 13258121 composite?
False
Is 104950957 composite?
False
Is 7270931 a prime number?
True
Is 281055199 a composite number?
False
Is 5955707 a prime number?
False
Is 15399053 composite?
True
Is 76181639 prime?
True
Is 42374777 composite?
True
Is 8174513 prime?
True
Is 377408957 a prime number?
True
Is 12096167 a composite number?
False
Is 48555799 prime?
True
Is 95079641 prime?
True
Is 16267571 prime?
False
Is 68221203 prime?
False
Is 5300885 a prime number?
False
Is 1001911 prime?
True
Is 7253063 a composite number?
False
Is 7174619 a composite number?
False
Is 1052063 prime?
True
Is 21678019 a prime number?
False
Is 30585587 composite?
True
Is 146082593 composite?
False
Is 63632141 composite?
False
Is 5241403 a prime number?
True
Is 2823707 a prime number?
False
Is 5051311 a composite number?
True
Is 1979273 prime?
False
Is 38105071 a composite number?
False
Is 14629533 a prime number?
False
Is 64913201 a prime number?
False
Is 1385557 a prime number?
False
Is 1553369 a composite number?
False
Is 1347691 composite?
True
Is 5237042 composite?
True
Is 27458207 a prime number?
False
Is 12225511 a prime number?
False
Is 3981157 a prime number?
True
Is 76475467 a prime number?
True
Is 30839603 a composite number?
True
Is 1016731 composite?
False
Is 100548849 composite?
True
Is 13600109 prime?
True
Is 325645 composite?
True
Is 574607 prime?
False
Is 45687739 composite?
True
Is 46343567 a prime number?
True
Is 4613123 composite?
True
Is 28182367 composite?
False
Is 17286667 a prime number?
True
Is 16317023 a prime number?
False
Is 129964687 composite?
False
Is 59593607 a prime number?
False
Is 6636009 prime?
False
Is 25614331 a composite number?
False
Is 2456453 composite?
True
Is 6979913 composite?
False
Is 2464233 prime?
False
Is 2822687 a composite number?
True
Is 3364331 a composite number?
True
Is 1609141 a composite number?
False
Is 2436055 composite?
True
Is 273994351 a prime number?
True
Is 120031 composite?
True
Is 28443557 composite?
False
Is 1229625989 composite?
False
Is 12585121 a prime number?
True
Is 45935971 a composite number?
True
Is 6409093 a composite number?
False
Is 17488843 composite?
False
Is 687007 a prime number?
True
Is 15123347 a composite number?
True
Is 3557243 a composite number?
False
Is 3790351 prime?
False
Is 6393749 a prime number?
True
Is 113069807 a prime number?
True
Is 4130111 composite?
False
Is 544447 a prime number?
False
Is 2994265 a composite number?
True
Is 28369403 composite?
False
Is 481297 prime?
True
Is 88684207 a composite number?
False
Is 119608891 prime?
True
Is 29731855 a prime number?
False
Is 8459887 prime?
False
Is 102520853 prime?
False
Is 146948117 a prime number?
True
Is 3461473 composite?
True
Is 69903389 a composite number?
False
Is 126126613 a prime number?
True
Is 130423 composite?
False
Is 6081943 prime?
False
Is 406327 a composite number?
False
Is 30567709 prime?
True
Is 2019895 a composite number?
True
Is 11867651 prime?
True
Is 152544929 a composite number?
False
Is 381671 a prime number?
False
Is 3099073 prime?
True
Is 26354053 a composite number?
True
Is 2136163 composite?
False
Is 158123129 composite?
False
Is 55161914 composite?
True
Is 3674483 prime?
False
Is 84125707 a composite number?
True
Is 67580323 a prime number?
True
Is 4869785 composite?
True
Is 1358411 composite?
False
Is 98261 prime?
False
Is 101370481 a prime number?
True
Is 6788521 a prime number?
True
Is 2098617 a prime number?
False
Is 1677029 a prime number?
False
Is 128827879 a composite number?
True
Is 2041579 a prime number?
True
Is 3164053 a prime number?
True
Is 841342295 a prime number?
False
Is 10467671 composite?
True
Is 521509 composite?
True
Is 1547471 a composite number?
False
Is 405473 a composite number?
False
Is 20981959 a prime number?
False
Is 1786465 prime?
False
Is 3913617 prime?
False
Is 2085367 prime?
True
Is 702799 composite?
True
Is 5227077 prime?
False
Is 4896277 composite?
False
Is 125971597 prime?
True
Is 72675509 prime?
True
Is 9090743 a composite number?
True
Is 42822359 a composite number?
False
Is 34164343 prime?
False
Is 122059727 a prime number?
False
Is 2685283 composite?
True
Is 364217039 prime?
False
Is 123264371 a composite number?
False
Is 10131089 composite?
True
Is 6815417 a composite number?
True
Is 4476239 prime?
False
Is 1517099 composite?
False
Is 22617559 composite?
False
Is 7201901 a prime number?
False
Is 18914239 composite?
False
Is 1088513 a composite number?
True
Is 107757343 composite?
True
Is 60048943 prime?
True
Is 67709767 a prime number?
True
Is 95417383 a prime number?
False
Is 23012131 a prime number?
False
Is 970589 prime?
False
Is 40166443 prime?
False
Is 7043579 prime?
False
Is 61331323 a prime number?
True
Is 67471031 a prime number?
True
Is 6024283 a prime number?
True
Is 663071 a composite number?
False
Is 17044571 a composite number?
True
Is 2750339 prime?
True
Is 193596379 composite?
True
Is 19320911 composite?
True
Is 886931 a composite number?
True
Is 62592851 a prime number?
True
Is 8265107 prime?
True
Is 16848433 prime?
False
Is 945767 a composite number?
False
Is 776175709 a composite number?
False
Is 1798661 prime?
False
Is 152337037 composite?
False
Is 462290603 a composite number?
False
Is 47394637 a prime number?
True
Is 475511 a prime number?
True
Is 44981165 prime?
False
Is 9145193 a prime number?
False
Is 85723007 a composite number?
False
Is 15053195 a composite number?
True
Is 25264981 a prime number?
False
Is 19041851 prime?
True
Is 1334321 prime?
False
Is 4873753 a composite number?
False
Is 6651751 a prime number?
False
Is 5632223 a prime number?
False
Is 515227 prime?
True
Is 81188819 composite?
False
Is 10553377 a composite number?
False
Is 488981 composite?
False
Is 12363989 a composite number?
True
Is 950141071 a prime number?
False
Is 14489663 a prime number?
True
Is 475043669 a composite number?
True
Is 64168751 a composite number?
False
Is 197681 a composite number?
True
Is 2763451 composite?
True
Is 15898841 prime?
False
Is 1418663 prime?
False
Is 1838371 a prime number?
True
Is 111579569 a prime number?
True
Is 13789081 a composite number?
True
Is 13817303 a prime number?
False
Is 213687587 prime?
False
Is 1445329 a prime number?
True
Is 38180843 a composite number?
False
Is 1910999 prime?
True
Is 161929 composite?
True
Is 1601359 a prime number?
True
Is 10941599 prime?
True
Is 5952139 prime?
False
Is 652673641 a prime number?
False
Is 36205123 a composite number?
False
Is 19307023 prime?
False
Is 2754907 a composite number?
False
Is 105457091 composite?
False
Is 87890819 composite?
False
Is 182574031 composite?
True
Is 6499793 composite?
False
Is 577253 prime?
False
Is 26141 a prime number?
True
Is 1538269 a prime number?
False
Is 22152647 composite?
True
Is 7570457 a prime number?
False
Is 20106479 a prime number?
False
Is 751727 composite?
False
Is 21036595 a prime number?
False
Is 3331301 a composite number?
False
Is 116872337 composite?
False
Is 45979357 prime?
False
Is 5740663 composite?
False
Is 31972751 a prime number?
False
Is 37165255 prime?
False
Is 51991081 composite?
False
Is 1989067 a prime number?
False
Is 510751 a prime number?
True
Is 45122279 prime?
False
Is 8306318 a composite number?
True
Is 14340089 a prime number?
False
Is 472487065 a prime number?
False
Is 5242141 prime?
True
Is 22763519 a prime number?
True
Is 50167921 composite?
True
Is 7922963 prime?
False
Is 21303637 prime?
False
Is 1125988867 prime?
True
Is 474781 prime?
False
Is 976139 prime?
False
Is 30114239 prime?
False
Is 176026481 composite?
True
Is 156034861 prime?
True
Is 1055363 composite?
False
Is 1008655 a composite number?
True
Is 19335937 composite?
True
Is 89400851 a prime number?
True